6)/4*(0 - 2)*1. Suppose 3*w = 2*b + b - 12, -d*b + 27 = 2*w. What is the remainder when 17 is divided by b?
3
Suppose 0 = 29*d + 28343 - 99741. What is the remainder when d is divided by 112?
110
Let y(g) = -g**3 - 7*g**2 + 17*g - 3. Calculate the remainder when 137/5 + (-4)/10 is divided by y(-9).
3
Suppose -2*f + 7*f = 3*d - 783, -d = 3*f - 275. Calculate the remainder when d is divided by 27.
23
Let w(n) = 2*n**2 - 2*n + 2. Let t(u) = -u. Let s be t(-3). What is the remainder when ((-4)/6)/(8/6)*-106 is divided by w(s)?
11
Suppose -3*b - 30 = -8*b. Suppose 6 = -4*a + 4*d - b, -5*d + 17 = -4*a. Calculate the remainder when 2 is divided by a.
0
Suppose 5*k + 4*g - 101 = 50, -2*k + 3*g = -42. What is the remainder when 158 is divided by k?
23
Let l = -31 + 77. What is the remainder when l is divided by 8?
6
Suppose 0*r + 6*r = 0. Suppose -2*m + 59 + 21 = r. What is the remainder when m is divided by 7?
5
Suppose 3*k + d - 49 = 6, -4*d + 94 = 5*k. Let q = 1112 - 1082. Calculate the remainder when q is divided by k.
12
Suppose 16*i = 14*i - 3*v + 24, 0 = -i + v + 7. What is the remainder when 61 is divided by i?
7
Let n(z) = -z**2 + 9*z - 6. Let r be n(8). Suppose 5*s = r*k + 38, 5*s + 3*k = s + 35. Calculate the remainder when (-1)/(-3)*(66 + 21) is divided by s.
5
Suppose 0 = 2*a - 41 + 9. Suppose -180 = -n - 3*n. What is the remainder when n is divided by a?
13
Suppose 2*j = -2*l + 10, 0 = 3*l - 0*j - 5*j + 25. Suppose 3*a + 2*a - 245 = l. Suppose h - 12 = 5. Calculate the remainder when a is divided by h.
15
Let r(x) = -x**3 - 3*x**2 - 12*x - 85. Calculate the remainder when 33 is divided by r(-5).
8
Let t = 8 + -5. Let z(y) = -5*y**2 - 73*y + 32. Calculate the remainder when t is divided by z(-15).
1
Suppose -4*c + 158 = 2*y, y = -4*c + 3*y + 146. What is the remainder when 911 is divided by c?
37
Let p be (2 + -4)*(-3)/2. Let l(n) = -n + 12. Let r be l(6). Suppose -r = -p*w + 9. Calculate the remainder when 12 is divided by w.
2
Suppose -211 = n + 4*f - 62, -4*n + f - 511 = 0. Calculate the remainder when 52 is divided by n/(-12) + (-3)/(-12).
8
Let b = -29 + 28. Calculate the remainder when (4/14)/(b/(-49)) is divided by 5.
4
Calculate the remainder when 14570/93 + (-2)/(-6) is divided by 23.
19
Suppose -5*c - d + 22 = -0*c, -11 = -c + 2*d. Let p(j) = 12*j + 1 - 16*j - c + 9*j. Calculate the remainder when p(4) is divided by 5.
1
Let c be -3*(-2)/6*-2. Let j(d) = 13*d + 45. Let h(l) = -3*l - 11. Let r(x) = c*j(x) - 9*h(x). What is the remainder when r(8) is divided by 10?
7
Suppose 2*j - 6*j + 196 = 4*i, -j - 176 = -4*i. Let s(c) = 3*c**2 + 8*c + 6. Let u be s(-5). Let f = u - 25. Calculate the remainder when i is divided by f.
13
Let p be (-816)/9 - 3/(18/(-4)). Let c = p - -126. What is the remainder when 70 is divided by c?
34
Let d = -78 + 8. Suppose -87 + 8 = -5*s - m, 2*s - m - 33 = 0. Calculate the remainder when -6*(4 - d/(-6)) is divided by s.
14
Let a(r) = -4*r + 6. Let x be (-2 - 1) + ((-2)/(-1) - 5). What is the remainder when 117 is divided by a(x)?
27
Suppose -2*b + 2*n = -3*b + 624, 0 = -b + 2*n + 604. Calculate the remainder when b is divided by 26.
16
Suppose -1 = -2*x - 3*r + 4*r, -x + 23 = 4*r. Let t(u) be the first derivative of u**2 - 4*u - 1. Calculate the remainder when t(4) is divided by x.
1
Suppose 0*p = -3*p + 4*m + 189, 0 = -2*p - 4*m + 106. Calculate the remainder when 707 is divided by p.
58
Suppose 0*z + 2*z + 48 = 4*h, -z = 4*h - 48. Let m = -1 + 24. What is the remainder when m is divided by h?
11
Let h = 1460 + -1433. What is the remainder when 126 is divided by h?
18
Let x(r) = r**3 - 5*r**2 - 84*r + 24. What is the remainder when 285 is divided by x(12)?
21
Suppose 0 = 5*g + 2*b - 14, -2*g - b - 4*b = 7. Suppose -j - 3*y - g = y, -3*y = 4*j - 23. Calculate the remainder when 47 is divided by j.
7
Suppose 4 = -6*x + 2*x. Calculate the remainder when 39 is divided by (-4 - 1/x) + 23.
19
What is the remainder when 332 is divided by 20*((-42)/(-5) - (-14 + 20))?
44
Calculate the remainder when 133*-1*(2 - 10 - -7) is divided by 17.
14
Suppose -4*c = -4*y - y + 138, 5*c + 105 = 4*y. Let d(a) = -a**3 + 12. Let r be d(0). What is the remainder when y is divided by (-1 - -3)*66/r?
8
Let r(f) = 2*f + 5. Let j be r(0). Suppose j*o + 61 + 4 = 0. Let n = -5 - o. What is the remainder when 30 is divided by n?
6
Let u(c) = c**3 - 9 + 14*c + 3*c**2 - 2 - 6 - 14*c**2. Let n = 14 + -8. Calculate the remainder when u(10) is divided by n.
5
Suppose 4*h = -0*h + 20. Suppose 7 = i - 0*i + 2*g, 4*g - 4 = 0. Suppose -16 = i*a - 9*a. What is the remainder when h is divided by a?
1
Let q = 519 - 384. Calculate the remainder when q is divided by 68.
67
Suppose 0 = -4*k - k + 65. Let u(s) = -s**2 + 12*s + 14. Let l be u(k). Suppose 4*n + l = 37. Calculate the remainder when 33 is divided by n.
6
Let i = -1488 - -1506. Suppose 5*b = -45 + 205. What is the remainder when b is divided by i?
14
Let k(h) = 3*h - 4*h - 2*h - 3. What is the remainder when k(-5) is divided by 18/(-39) + (-194)/(-26)?
5
Let i(a) = 4*a + 258. Calculate the remainder when i(-45) is divided by 49.
29
Let w(s) = -15*s**2 + 108*s + 3. Calculate the remainder when 1846 is divided by w(7).
22
Let s(c) = 2*c**2 - 6*c + 2. Let l be 0/((-4)/(-4) + (0 - 2)). Suppose l = -10*r + r + 162. Calculate the remainder when r is divided by s(4).
8
Suppose -364 = -64*k + 148. What is the remainder when 694 is divided by k?
6
Suppose 525 = 31*i - 6*i. Calculate the remainder when 314 is divided by i.
20
Let z(r) = r**2 - 7*r + 25. Calculate the remainder when 52 is divided by z(5).
7
Suppose 0 = 4*t, -2*v - 3*t + 7*t + 14 = 0. Calculate the remainder when 34 + -3 + 2 + 1 is divided by v.
6
Suppose -4*c - 5*o = -312, 0 = 15*o - 18*o. Calculate the remainder when c is divided by 56.
22
Let b = 143 + -58. Let s = b - 20. Calculate the remainder when s is divided by 11.
10
Let z(h) = -h**3 + 25*h**2 - 18*h - 102. Calculate the remainder when z(24) is divided by 25.
17
Let i(l) = 4*l**2 - 47*l + 44. Calculate the remainder when i(18) is divided by 71.
68
Suppose 7*p = 6*p + 147. Let c = 158 - p. Calculate the remainder when 41 is divided by c.
8
Let s(i) = -7*i + 87. What is the remainder when 213 is divided by s(9)?
21
What is the remainder when 205 is divided by (4 - 39/15)*30?
37
Suppose 3*b - 141 = -4*d, 83 = -b + 3*b - d. Calculate the remainder when 944 is divided by b.
41
Let n = 882 + -863. What is the remainder when 394 is divided by n?
14
Let k(i) = i**2 - 5*i - 112. Calculate the remainder when 134 is divided by k(-10).
20
Let a be 0/(-2) - (-2 - 2). Suppose -a*o + 22 = -2*o. What is the remainder when 17 is divided by o?
6
Let t(g) = -7*g**3 - 5*g**2 - 7*g + 3. Let p = 10 + 8. What is the remainder when t(-2) is divided by p?
17
Let u = 631 + -528. Calculate the remainder when u is divided by 49.
5
Let j(s) = 35*s + 195. Calculate the remainder when 157 is divided by j(-5).
17
Let h = -102 + 149. Let o = 7630 - 7611. What is the remainder when h is divided by o?
9
Calculate the remainder when 284 + -2 - -7*5/(-5) is divided by 26.
15
Let w(r) = 23*r**3 + 2*r**2 - r. Let a be 15/(-25) - 138/(-5). Suppose 0 = 5*u - 43 - a. Calculate the remainder when w(1) is divided by u.
10
Suppose 5*i + v = 163, 5*i = -0*v + v + 167. What is the remainder when ((-4)/6 + (-663)/(-117))*13 is divided by i?
32
Let u = 13 - 9. Suppose -5*m - 3*n = -23, 0 = -u*m - n + 17. Suppose 38 = m*t - 14. Calculate the remainder when 37 is divided by t.
11
Suppose 0 = -4*o - 4*a + 208, 3*o - 131*a + 130*a - 168 = 0. Calculate the remainder when 1207 is divided by o.
52
Calculate the remainder when 50 is divided by (-4)/((-6)/57 - (-170)/(-1995)).
8
Calculate the remainder when 215 is divided by (-436)/(-6) + 14/(-21).
71
Suppose -4*a + 37 = -63. Suppose -9*f + 135 = 6*f. Calculate the remainder when a is divided by f.
7
Let p be -1 + 2 - (-1)/1. Suppose 5*t + 17 = p*b, 5*t - 3*t = -2. What is the remainder when 29 is divided by b?
5
Let w(q) = q**3 + 30*q**2 - 6*q - 58. What is the remainder when w(-30) is divided by 58?
6
Let g(j) = -j**2 - 5*j + 3. Let k be g(-9). Let n = 37 + k. Calculate the remainder when 17 is divided by n.
1
Let w be (-1)/(0/(-3) + 1). Calculate the remainder when 0 - 3 - 